{"id":257,"date":"2026-04-17T19:01:19","date_gmt":"2026-04-17T19:01:19","guid":{"rendered":"https:\/\/anhnoc.azdigi.shop\/?post_type=product&#038;p=257"},"modified":"2026-04-19T09:01:11","modified_gmt":"2026-04-19T09:01:11","slug":"set-ao-kem-chan-vay-jannat-set-in-red","status":"publish","type":"product","link":"https:\/\/anhnoc.azdigi.shop\/?product=set-ao-kem-chan-vay-jannat-set-in-red","title":{"rendered":"Set \u00e1o k\u00e8m ch\u00e2n v\u00e1y Jannat Set in Red"},"content":{"rendered":"<h1 data-start=\"475\" data-end=\"514\" data-section-id=\"1u2e32d\"><a href=\"https:\/\/anhnoc.azdigi.shop\/?post_type=product&amp;p=257&amp;preview=true\">Set \u00c1o K\u00e8m Ch\u00e2n V\u00e1y Jannat Set in Red<\/a><\/h1>\n<h2 data-start=\"516\" data-end=\"535\" data-section-id=\"195wg5l\">M\u00f4 t\u1ea3 s\u1ea3n ph\u1ea9m<\/h2>\n<p data-start=\"536\" data-end=\"739\"><strong data-start=\"536\" data-end=\"558\">Set \u00e1o ch\u00e2n v\u00e1y \u0111\u1ecf<\/strong> Jannat Set in Red mang phong c\u00e1ch tr\u1ebb trung v\u00e0 n\u1ed5i b\u1eadt. Thi\u1ebft k\u1ebf \u0111\u1ed3ng b\u1ed9 gi\u00fap ng\u01b0\u1eddi m\u1eb7c d\u1ec5 d\u00e0ng ph\u1ed1i \u0111\u1ed3 m\u00e0 v\u1eabn gi\u1eef \u0111\u01b0\u1ee3c s\u1ef1 h\u00e0i h\u00f2a. Gam m\u00e0u \u0111\u1ecf t\u1ea1o \u0111i\u1ec3m nh\u1ea5n thu h\u00fat v\u00e0 \u0111\u1ea7y c\u00e1 t\u00ednh.<\/p>\n<p data-start=\"741\" data-end=\"909\">Set g\u1ed3m \u00e1o v\u00e0 ch\u00e2n v\u00e1y \u0111\u01b0\u1ee3c thi\u1ebft k\u1ebf tinh t\u1ebf. Ki\u1ec3u d\u00e1ng g\u1ecdn g\u00e0ng gi\u00fap t\u00f4n d\u00e1ng v\u00e0 mang l\u1ea1i v\u1ebb ngo\u00e0i t\u1ef1 tin. \u0110\u00e2y l\u00e0 l\u1ef1a ch\u1ecdn l\u00fd t\u01b0\u1edfng cho phong c\u00e1ch th\u1eddi trang hi\u1ec7n \u0111\u1ea1i.<\/p>\n<h2 data-start=\"911\" data-end=\"932\" data-section-id=\"1jpgjxa\">\u0110\u1eb7c \u0111i\u1ec3m n\u1ed5i b\u1eadt<\/h2>\n<h3 data-start=\"934\" data-end=\"965\" data-section-id=\"1f7vy32\">Thi\u1ebft k\u1ebf \u0111\u1ed3ng b\u1ed9 ti\u1ec7n l\u1ee3i<\/h3>\n<p data-start=\"966\" data-end=\"1067\"><strong data-start=\"966\" data-end=\"988\">Set \u00e1o ch\u00e2n v\u00e1y \u0111\u1ecf<\/strong> gi\u00fap b\u1ea1n ti\u1ebft ki\u1ec7m th\u1eddi gian ph\u1ed1i \u0111\u1ed3. Hai item \u0111\u01b0\u1ee3c thi\u1ebft k\u1ebf h\u00e0i h\u00f2a v\u1edbi nhau.<\/p>\n<h3 data-start=\"1069\" data-end=\"1093\" data-section-id=\"ndruea\">Gam m\u00e0u \u0111\u1ecf n\u1ed5i b\u1eadt<\/h3>\n<p data-start=\"1094\" data-end=\"1187\">M\u00e0u \u0111\u1ecf mang l\u1ea1i c\u1ea3m gi\u00e1c n\u1ed5i b\u1eadt v\u00e0 cu\u1ed1n h\u00fat. \u0110\u00e2y l\u00e0 t\u00f4ng m\u00e0u d\u1ec5 g\u00e2y \u1ea5n t\u01b0\u1ee3ng trong \u0111\u00e1m \u0111\u00f4ng.<\/p>\n<h3 data-start=\"1189\" data-end=\"1213\" data-section-id=\"d8k2da\">Form d\u00e1ng t\u00f4n d\u00e1ng<\/h3>\n<p data-start=\"1214\" data-end=\"1302\">Ki\u1ec3u d\u00e1ng \u00f4m nh\u1eb9 gi\u00fap t\u00f4n l\u00ean \u0111\u01b0\u1eddng n\u00e9t c\u01a1 th\u1ec3. Ng\u01b0\u1eddi m\u1eb7c tr\u00f4ng g\u1ecdn g\u00e0ng v\u00e0 n\u1eef t\u00ednh h\u01a1n.<\/p>\n<h2 data-start=\"1304\" data-end=\"1321\" data-section-id=\"1f70isu\">C\u00e1ch ph\u1ed1i \u0111\u1ed3<\/h2>\n<p data-start=\"1322\" data-end=\"1495\">B\u1ea1n c\u00f3 th\u1ec3 k\u1ebft h\u1ee3p <strong data-start=\"1341\" data-end=\"1363\">set \u00e1o ch\u00e2n v\u00e1y \u0111\u1ecf<\/strong> v\u1edbi gi\u00e0y cao g\u00f3t ho\u1eb7c sandal. M\u1ed9t chi\u1ebfc t\u00fai x\u00e1ch nh\u1ecf s\u1ebd gi\u00fap t\u1ed5ng th\u1ec3 thanh l\u1ecbch h\u01a1n. Ph\u1ee5 ki\u1ec7n \u0111\u01a1n gi\u1ea3n l\u00e0 \u0111\u1ee7 \u0111\u1ec3 ho\u00e0n thi\u1ec7n outfit.<\/p>\n<h2 data-start=\"1497\" data-end=\"1524\" data-section-id=\"1otndz2\">Ph\u00f9 h\u1ee3p trong d\u1ecbp n\u00e0o?<\/h2>\n<p data-start=\"1525\" data-end=\"1637\">Trang ph\u1ee5c n\u00e0y ph\u00f9 h\u1ee3p khi \u0111i ch\u01a1i, h\u1eb9n h\u00f2 ho\u1eb7c d\u1ef1 ti\u1ec7c nh\u1eb9. Thi\u1ebft k\u1ebf n\u1ed5i b\u1eadt gi\u00fap b\u1ea1n d\u1ec5 d\u00e0ng thu h\u00fat \u00e1nh nh\u00ecn.<\/p>\n<h2 data-start=\"1639\" data-end=\"1652\" data-section-id=\"r751zz\">K\u1ebft lu\u1eadn<\/h2>\n<p data-start=\"1653\" data-end=\"1786\">V\u1edbi gam m\u00e0u \u1ea5n t\u01b0\u1ee3ng v\u00e0 thi\u1ebft k\u1ebf tr\u1ebb trung, <strong data-start=\"1697\" data-end=\"1719\">set \u00e1o ch\u00e2n v\u00e1y \u0111\u1ecf<\/strong> l\u00e0 l\u1ef1a ch\u1ecdn ho\u00e0n h\u1ea3o cho phong c\u00e1ch th\u1eddi trang hi\u1ec7n \u0111\u1ea1i v\u00e0 t\u1ef1 tin.<\/p>\n<p><a href=\"https:\/\/www.olv.vn\/products\/set-ao-kem-chan-vay-jannat-set-in-red\">https:\/\/www.olv.vn\/products\/set-ao-kem-chan-vay-jannat-set-in-red<\/a><\/p>\n","protected":false},"excerpt":{"rendered":"<p data-start=\"2260\" data-end=\"2351\">Set \u0111\u1ecf n\u1ed5i b\u1eadt gi\u00fap thu h\u00fat \u00e1nh nh\u00ecn. Ph\u00f9 h\u1ee3p cho c\u00e1c d\u1ecbp \u0111\u1eb7c bi\u1ec7t.<\/p>\n<p data-start=\"2353\" data-end=\"2462\">\n","protected":false},"featured_media":259,"comment_status":"open","ping_status":"closed","template":"","meta":[],"product_brand":[24],"product_cat":[18,23],"product_tag":[],"class_list":{"0":"post-257","1":"product","2":"type-product","3":"status-publish","4":"has-post-thumbnail","6":"product_brand-olv","7":"product_cat-san-pham-moi","8":"product_cat-set","10":"first","11":"instock","12":"shipping-taxable","13":"purchasable","14":"product-type-variable"},"yoast_head":"<!-- This site is optimized with the Yoast SEO plugin v27.1.1 - https:\/\/yoast.com\/product\/yoast-seo-wordpress\/ -->\n<title>Set \u00e1o k\u00e8m ch\u00e2n v\u00e1y Jannat Set in Red - Quanao<\/title>\n<meta name=\"description\" content=\"Set \u00e1o k\u00e8m ch\u00e2n v\u00e1y m\u00e0u \u0111\u1ecf Jannat Set thi\u1ebft k\u1ebf tr\u1ebb trung, n\u1ed5i b\u1eadt. Ph\u00f9 h\u1ee3p \u0111i ch\u01a1i, d\u1ea1o ph\u1ed1 ho\u1eb7c d\u1ef1 ti\u1ec7c nh\u1eb9.\" \/>\n<meta name=\"robots\" content=\"index, follow, max-snippet:-1, max-image-preview:large, max-video-preview:-1\" \/>\n<link rel=\"canonical\" href=\"https:\/\/anhnoc.azdigi.shop\/?product=set-ao-kem-chan-vay-jannat-set-in-red\" \/>\n<meta property=\"og:locale\" content=\"vi_VN\" \/>\n<meta property=\"og:type\" content=\"article\" \/>\n<meta property=\"og:title\" content=\"Set \u00e1o k\u00e8m ch\u00e2n v\u00e1y Jannat Set in Red - Quanao\" \/>\n<meta property=\"og:description\" content=\"Set \u00e1o k\u00e8m ch\u00e2n v\u00e1y m\u00e0u \u0111\u1ecf Jannat Set thi\u1ebft k\u1ebf tr\u1ebb trung, n\u1ed5i b\u1eadt. Ph\u00f9 h\u1ee3p \u0111i ch\u01a1i, d\u1ea1o ph\u1ed1 ho\u1eb7c d\u1ef1 ti\u1ec7c nh\u1eb9.\" \/>\n<meta property=\"og:url\" content=\"https:\/\/anhnoc.azdigi.shop\/?product=set-ao-kem-chan-vay-jannat-set-in-red\" \/>\n<meta property=\"og:site_name\" content=\"Quanao\" \/>\n<meta property=\"article:modified_time\" content=\"2026-04-19T09:01:11+00:00\" \/>\n<meta property=\"og:image\" content=\"https:\/\/anhnoc.azdigi.shop\/wp-content\/uploads\/2026\/04\/olv200131513-2_ad3a8e3a96c64386b8f8fa6affa3bd85_master-683x1024.png\" \/>\n\t<meta property=\"og:image:width\" content=\"683\" \/>\n\t<meta property=\"og:image:height\" content=\"1024\" \/>\n\t<meta property=\"og:image:type\" content=\"image\/png\" \/>\n<meta name=\"twitter:card\" content=\"summary_large_image\" \/>\n<meta name=\"twitter:label1\" content=\"\u01af\u1edbc t\u00ednh th\u1eddi gian \u0111\u1ecdc\" \/>\n\t<meta name=\"twitter:data1\" content=\"2 ph\u00fat\" \/>\n<script type=\"application\/ld+json\" class=\"yoast-schema-graph\">{\"@context\":\"https:\/\/schema.org\",\"@graph\":[{\"@type\":\"WebPage\",\"@id\":\"https:\/\/anhnoc.azdigi.shop\/?product=set-ao-kem-chan-vay-jannat-set-in-red\",\"url\":\"https:\/\/anhnoc.azdigi.shop\/?product=set-ao-kem-chan-vay-jannat-set-in-red\",\"name\":\"Set \u00e1o k\u00e8m ch\u00e2n v\u00e1y Jannat Set in Red - Quanao\",\"isPartOf\":{\"@id\":\"https:\/\/anhnoc.azdigi.shop\/#website\"},\"primaryImageOfPage\":{\"@id\":\"https:\/\/anhnoc.azdigi.shop\/?product=set-ao-kem-chan-vay-jannat-set-in-red#primaryimage\"},\"image\":{\"@id\":\"https:\/\/anhnoc.azdigi.shop\/?product=set-ao-kem-chan-vay-jannat-set-in-red#primaryimage\"},\"thumbnailUrl\":\"https:\/\/anhnoc.azdigi.shop\/wp-content\/uploads\/2026\/04\/olv200131513-2_ad3a8e3a96c64386b8f8fa6affa3bd85_master.png\",\"datePublished\":\"2026-04-17T19:01:19+00:00\",\"dateModified\":\"2026-04-19T09:01:11+00:00\",\"description\":\"Set \u00e1o k\u00e8m ch\u00e2n v\u00e1y m\u00e0u \u0111\u1ecf Jannat Set thi\u1ebft k\u1ebf tr\u1ebb trung, n\u1ed5i b\u1eadt. Ph\u00f9 h\u1ee3p \u0111i ch\u01a1i, d\u1ea1o ph\u1ed1 ho\u1eb7c d\u1ef1 ti\u1ec7c nh\u1eb9.\",\"breadcrumb\":{\"@id\":\"https:\/\/anhnoc.azdigi.shop\/?product=set-ao-kem-chan-vay-jannat-set-in-red#breadcrumb\"},\"inLanguage\":\"vi\",\"potentialAction\":[{\"@type\":\"ReadAction\",\"target\":[\"https:\/\/anhnoc.azdigi.shop\/?product=set-ao-kem-chan-vay-jannat-set-in-red\"]}]},{\"@type\":\"ImageObject\",\"inLanguage\":\"vi\",\"@id\":\"https:\/\/anhnoc.azdigi.shop\/?product=set-ao-kem-chan-vay-jannat-set-in-red#primaryimage\",\"url\":\"https:\/\/anhnoc.azdigi.shop\/wp-content\/uploads\/2026\/04\/olv200131513-2_ad3a8e3a96c64386b8f8fa6affa3bd85_master.png\",\"contentUrl\":\"https:\/\/anhnoc.azdigi.shop\/wp-content\/uploads\/2026\/04\/olv200131513-2_ad3a8e3a96c64386b8f8fa6affa3bd85_master.png\",\"width\":1365,\"height\":2048},{\"@type\":\"BreadcrumbList\",\"@id\":\"https:\/\/anhnoc.azdigi.shop\/?product=set-ao-kem-chan-vay-jannat-set-in-red#breadcrumb\",\"itemListElement\":[{\"@type\":\"ListItem\",\"position\":1,\"name\":\"Trang ch\u1ee7\",\"item\":\"https:\/\/anhnoc.azdigi.shop\/\"},{\"@type\":\"ListItem\",\"position\":2,\"name\":\"C\u1eeda h\u00e0ng\",\"item\":\"https:\/\/anhnoc.azdigi.shop\/?page_id=128\"},{\"@type\":\"ListItem\",\"position\":3,\"name\":\"Set \u00e1o k\u00e8m ch\u00e2n v\u00e1y Jannat Set in Red\"}]},{\"@type\":\"WebSite\",\"@id\":\"https:\/\/anhnoc.azdigi.shop\/#website\",\"url\":\"https:\/\/anhnoc.azdigi.shop\/\",\"name\":\"Quanao\",\"description\":\"\",\"potentialAction\":[{\"@type\":\"SearchAction\",\"target\":{\"@type\":\"EntryPoint\",\"urlTemplate\":\"https:\/\/anhnoc.azdigi.shop\/?s={search_term_string}\"},\"query-input\":{\"@type\":\"PropertyValueSpecification\",\"valueRequired\":true,\"valueName\":\"search_term_string\"}}],\"inLanguage\":\"vi\"}]}<\/script>\n<!-- \/ Yoast SEO plugin. -->","yoast_head_json":{"title":"Set \u00e1o k\u00e8m ch\u00e2n v\u00e1y Jannat Set in Red - Quanao","description":"Set \u00e1o k\u00e8m ch\u00e2n v\u00e1y m\u00e0u \u0111\u1ecf Jannat Set thi\u1ebft k\u1ebf tr\u1ebb trung, n\u1ed5i b\u1eadt. Ph\u00f9 h\u1ee3p \u0111i ch\u01a1i, d\u1ea1o ph\u1ed1 ho\u1eb7c d\u1ef1 ti\u1ec7c nh\u1eb9.","robots":{"index":"index","follow":"follow","max-snippet":"max-snippet:-1","max-image-preview":"max-image-preview:large","max-video-preview":"max-video-preview:-1"},"canonical":"https:\/\/anhnoc.azdigi.shop\/?product=set-ao-kem-chan-vay-jannat-set-in-red","og_locale":"vi_VN","og_type":"article","og_title":"Set \u00e1o k\u00e8m ch\u00e2n v\u00e1y Jannat Set in Red - Quanao","og_description":"Set \u00e1o k\u00e8m ch\u00e2n v\u00e1y m\u00e0u \u0111\u1ecf Jannat Set thi\u1ebft k\u1ebf tr\u1ebb trung, n\u1ed5i b\u1eadt. Ph\u00f9 h\u1ee3p \u0111i ch\u01a1i, d\u1ea1o ph\u1ed1 ho\u1eb7c d\u1ef1 ti\u1ec7c nh\u1eb9.","og_url":"https:\/\/anhnoc.azdigi.shop\/?product=set-ao-kem-chan-vay-jannat-set-in-red","og_site_name":"Quanao","article_modified_time":"2026-04-19T09:01:11+00:00","og_image":[{"width":683,"height":1024,"url":"https:\/\/anhnoc.azdigi.shop\/wp-content\/uploads\/2026\/04\/olv200131513-2_ad3a8e3a96c64386b8f8fa6affa3bd85_master-683x1024.png","type":"image\/png"}],"twitter_card":"summary_large_image","twitter_misc":{"\u01af\u1edbc t\u00ednh th\u1eddi gian \u0111\u1ecdc":"2 ph\u00fat"},"schema":{"@context":"https:\/\/schema.org","@graph":[{"@type":"WebPage","@id":"https:\/\/anhnoc.azdigi.shop\/?product=set-ao-kem-chan-vay-jannat-set-in-red","url":"https:\/\/anhnoc.azdigi.shop\/?product=set-ao-kem-chan-vay-jannat-set-in-red","name":"Set \u00e1o k\u00e8m ch\u00e2n v\u00e1y Jannat Set in Red - Quanao","isPartOf":{"@id":"https:\/\/anhnoc.azdigi.shop\/#website"},"primaryImageOfPage":{"@id":"https:\/\/anhnoc.azdigi.shop\/?product=set-ao-kem-chan-vay-jannat-set-in-red#primaryimage"},"image":{"@id":"https:\/\/anhnoc.azdigi.shop\/?product=set-ao-kem-chan-vay-jannat-set-in-red#primaryimage"},"thumbnailUrl":"https:\/\/anhnoc.azdigi.shop\/wp-content\/uploads\/2026\/04\/olv200131513-2_ad3a8e3a96c64386b8f8fa6affa3bd85_master.png","datePublished":"2026-04-17T19:01:19+00:00","dateModified":"2026-04-19T09:01:11+00:00","description":"Set \u00e1o k\u00e8m ch\u00e2n v\u00e1y m\u00e0u \u0111\u1ecf Jannat Set thi\u1ebft k\u1ebf tr\u1ebb trung, n\u1ed5i b\u1eadt. Ph\u00f9 h\u1ee3p \u0111i ch\u01a1i, d\u1ea1o ph\u1ed1 ho\u1eb7c d\u1ef1 ti\u1ec7c nh\u1eb9.","breadcrumb":{"@id":"https:\/\/anhnoc.azdigi.shop\/?product=set-ao-kem-chan-vay-jannat-set-in-red#breadcrumb"},"inLanguage":"vi","potentialAction":[{"@type":"ReadAction","target":["https:\/\/anhnoc.azdigi.shop\/?product=set-ao-kem-chan-vay-jannat-set-in-red"]}]},{"@type":"ImageObject","inLanguage":"vi","@id":"https:\/\/anhnoc.azdigi.shop\/?product=set-ao-kem-chan-vay-jannat-set-in-red#primaryimage","url":"https:\/\/anhnoc.azdigi.shop\/wp-content\/uploads\/2026\/04\/olv200131513-2_ad3a8e3a96c64386b8f8fa6affa3bd85_master.png","contentUrl":"https:\/\/anhnoc.azdigi.shop\/wp-content\/uploads\/2026\/04\/olv200131513-2_ad3a8e3a96c64386b8f8fa6affa3bd85_master.png","width":1365,"height":2048},{"@type":"BreadcrumbList","@id":"https:\/\/anhnoc.azdigi.shop\/?product=set-ao-kem-chan-vay-jannat-set-in-red#breadcrumb","itemListElement":[{"@type":"ListItem","position":1,"name":"Trang ch\u1ee7","item":"https:\/\/anhnoc.azdigi.shop\/"},{"@type":"ListItem","position":2,"name":"C\u1eeda h\u00e0ng","item":"https:\/\/anhnoc.azdigi.shop\/?page_id=128"},{"@type":"ListItem","position":3,"name":"Set \u00e1o k\u00e8m ch\u00e2n v\u00e1y Jannat Set in Red"}]},{"@type":"WebSite","@id":"https:\/\/anhnoc.azdigi.shop\/#website","url":"https:\/\/anhnoc.azdigi.shop\/","name":"Quanao","description":"","potentialAction":[{"@type":"SearchAction","target":{"@type":"EntryPoint","urlTemplate":"https:\/\/anhnoc.azdigi.shop\/?s={search_term_string}"},"query-input":{"@type":"PropertyValueSpecification","valueRequired":true,"valueName":"search_term_string"}}],"inLanguage":"vi"}]}},"_links":{"self":[{"href":"https:\/\/anhnoc.azdigi.shop\/index.php?rest_route=\/wp\/v2\/product\/257","targetHints":{"allow":["GET"]}}],"collection":[{"href":"https:\/\/anhnoc.azdigi.shop\/index.php?rest_route=\/wp\/v2\/product"}],"about":[{"href":"https:\/\/anhnoc.azdigi.shop\/index.php?rest_route=\/wp\/v2\/types\/product"}],"replies":[{"embeddable":true,"href":"https:\/\/anhnoc.azdigi.shop\/index.php?rest_route=%2Fwp%2Fv2%2Fcomments&post=257"}],"wp:featuredmedia":[{"embeddable":true,"href":"https:\/\/anhnoc.azdigi.shop\/index.php?rest_route=\/wp\/v2\/media\/259"}],"wp:attachment":[{"href":"https:\/\/anhnoc.azdigi.shop\/index.php?rest_route=%2Fwp%2Fv2%2Fmedia&parent=257"}],"wp:term":[{"taxonomy":"product_brand","embeddable":true,"href":"https:\/\/anhnoc.azdigi.shop\/index.php?rest_route=%2Fwp%2Fv2%2Fproduct_brand&post=257"},{"taxonomy":"product_cat","embeddable":true,"href":"https:\/\/anhnoc.azdigi.shop\/index.php?rest_route=%2Fwp%2Fv2%2Fproduct_cat&post=257"},{"taxonomy":"product_tag","embeddable":true,"href":"https:\/\/anhnoc.azdigi.shop\/index.php?rest_route=%2Fwp%2Fv2%2Fproduct_tag&post=257"}],"curies":[{"name":"wp","href":"https:\/\/api.w.org\/{rel}","templated":true}]}}