{"id":282,"date":"2026-04-17T19:21:38","date_gmt":"2026-04-17T19:21:38","guid":{"rendered":"https:\/\/anhnoc.azdigi.shop\/?post_type=product&#038;p=282"},"modified":"2026-04-19T08:52:40","modified_gmt":"2026-04-19T08:52:40","slug":"millie-set","status":"publish","type":"product","link":"https:\/\/anhnoc.azdigi.shop\/?product=millie-set","title":{"rendered":"Millie Set"},"content":{"rendered":"<h1 data-start=\"445\" data-end=\"457\" data-section-id=\"1vlgq6k\">Millie Set<\/h1>\n<h2 data-start=\"459\" data-end=\"478\" data-section-id=\"195wg5l\">M\u00f4 t\u1ea3 s\u1ea3n ph\u1ea9m<\/h2>\n<p data-start=\"479\" data-end=\"650\"><strong data-start=\"479\" data-end=\"493\">Millie Set<\/strong> l\u00e0 l\u1ef1a ch\u1ecdn d\u00e0nh cho nh\u1eefng c\u00f4 n\u00e0ng y\u00eau th\u00edch phong c\u00e1ch n\u1eef t\u00ednh v\u00e0 hi\u1ec7n \u0111\u1ea1i. Thi\u1ebft k\u1ebf \u0111\u1ed3ng b\u1ed9 gi\u00fap t\u1ed5ng th\u1ec3 outfit tr\u1edf n\u00ean h\u00e0i h\u00f2a, ch\u1ec9n chu v\u00e0 n\u1ed5i b\u1eadt h\u01a1n.<\/p>\n<p data-start=\"652\" data-end=\"793\">S\u1ea3n ph\u1ea9m ph\u00f9 h\u1ee3p cho nhi\u1ec1u ho\u00e0n c\u1ea3nh kh\u00e1c nhau. B\u1ea1n c\u00f3 th\u1ec3 di\u1ec7n khi \u0111i ch\u01a1i, h\u1eb9n h\u00f2, d\u1ea1o ph\u1ed1 ho\u1eb7c tham gia nh\u1eefng bu\u1ed5i g\u1eb7p g\u1ee1 c\u1ea7n s\u1ef1 ch\u1ec9n chu.<\/p>\n<h2 data-start=\"795\" data-end=\"825\" data-section-id=\"j26lw\">\u0110i\u1ec3m n\u1ed5i b\u1eadt c\u1ee7a thi\u1ebft k\u1ebf<\/h2>\n<h3 data-start=\"827\" data-end=\"856\" data-section-id=\"10c2ys\">Set \u0111\u1ed3 \u0111\u1ed3ng b\u1ed9 ti\u1ec7n l\u1ee3i<\/h3>\n<p data-start=\"857\" data-end=\"984\"><strong data-start=\"857\" data-end=\"871\">Millie Set<\/strong> mang \u0111\u1ebfn v\u1ebb ngo\u00e0i ho\u00e0n ch\u1ec9nh m\u00e0 kh\u00f4ng c\u1ea7n m\u1ea5t nhi\u1ec1u th\u1eddi gian ph\u1ed1i \u0111\u1ed3. Thi\u1ebft k\u1ebf \u0111\u1ed3ng b\u1ed9 gi\u00fap outfit h\u00e0i h\u00f2a h\u01a1n.<\/p>\n<h3 data-start=\"986\" data-end=\"1019\" data-section-id=\"3upswu\">Phong c\u00e1ch hi\u1ec7n \u0111\u1ea1i n\u1eef t\u00ednh<\/h3>\n<p data-start=\"1020\" data-end=\"1123\">M\u1eabu set ph\u00f9 h\u1ee3p v\u1edbi nhi\u1ec1u phong c\u00e1ch kh\u00e1c nhau. Ng\u01b0\u1eddi m\u1eb7c c\u00f3 th\u1ec3 d\u1ec5 d\u00e0ng bi\u1ebfn t\u1ea5u b\u1eb1ng ph\u1ee5 ki\u1ec7n \u0111i k\u00e8m.<\/p>\n<h3 data-start=\"1125\" data-end=\"1148\" data-section-id=\"vjfrz0\">T\u00ednh \u1ee9ng d\u1ee5ng cao<\/h3>\n<p data-start=\"1149\" data-end=\"1238\">S\u1ea3n ph\u1ea9m th\u00edch h\u1ee3p cho nhi\u1ec1u d\u1ecbp trong ng\u00e0y. \u0110\u00e2y l\u00e0 l\u1ef1a ch\u1ecdn ti\u1ec7n l\u1ee3i cho t\u1ee7 \u0111\u1ed3 hi\u1ec7n \u0111\u1ea1i.<\/p>\n<h2 data-start=\"1240\" data-end=\"1258\" data-section-id=\"goa3cz\">G\u1ee3i \u00fd s\u1eed d\u1ee5ng<\/h2>\n<p data-start=\"1259\" data-end=\"1358\">B\u1ea1n c\u00f3 th\u1ec3 di\u1ec7n m\u1eabu set n\u00e0y khi \u0111i ch\u01a1i, c\u00e0 ph\u00ea, ch\u1ee5p \u1ea3nh ho\u1eb7c tham gia c\u00e1c bu\u1ed5i g\u1eb7p m\u1eb7t cu\u1ed1i tu\u1ea7n.<\/p>\n<h2 data-start=\"1360\" data-end=\"1373\" data-section-id=\"r751zz\">K\u1ebft lu\u1eadn<\/h2>\n<p data-start=\"1374\" data-end=\"1505\">V\u1edbi thi\u1ebft k\u1ebf \u0111\u1ed3ng b\u1ed9 v\u00e0 t\u00ednh \u1ee9ng d\u1ee5ng cao, <strong data-start=\"1417\" data-end=\"1431\">Millie Set<\/strong> l\u00e0 item l\u00fd t\u01b0\u1edfng cho nh\u1eefng c\u00f4 n\u00e0ng y\u00eau th\u00edch phong c\u00e1ch n\u1eef t\u00ednh hi\u1ec7n \u0111\u1ea1i.<\/p>\n","protected":false},"excerpt":{"rendered":"<p data-start=\"337\" data-end=\"404\">Set \u0111\u1ed3ng b\u1ed9 hi\u1ec7n \u0111\u1ea1i, ti\u1ec7n l\u1ee3i v\u00e0 d\u1ec5 m\u1eb7c m\u1ed7i ng\u00e0y.<\/p>\n<p data-start=\"406\" data-end=\"482\">\n","protected":false},"featured_media":284,"comment_status":"open","ping_status":"closed","template":"","meta":[],"product_brand":[24],"product_cat":[17,23],"product_tag":[],"class_list":{"0":"post-282","1":"product","2":"type-product","3":"status-publish","4":"has-post-thumbnail","6":"product_brand-olv","7":"product_cat-san-pham-yeu-thich","8":"product_cat-set","10":"first","11":"instock","12":"shipping-taxable","13":"purchasable","14":"product-type-variable"},"yoast_head":"<!-- This site is optimized with the Yoast SEO plugin v27.1.1 - https:\/\/yoast.com\/product\/yoast-seo-wordpress\/ -->\n<title>Millie Set - Quanao<\/title>\n<meta name=\"description\" content=\"Millie Set mang phong c\u00e1ch n\u1eef t\u00ednh v\u00e0 hi\u1ec7n \u0111\u1ea1i v\u1edbi thi\u1ebft k\u1ebf \u0111\u1ed3ng b\u1ed9 thanh l\u1ecbch, d\u1ec5 di\u1ec7n cho nhi\u1ec1u d\u1ecbp t\u1eeb \u0111i ch\u01a1i \u0111\u1ebfn g\u1eb7p g\u1ee1 b\u1ea1n b\u00e8.\" \/>\n<meta name=\"robots\" content=\"index, follow, max-snippet:-1, max-image-preview:large, max-video-preview:-1\" \/>\n<link rel=\"canonical\" href=\"https:\/\/anhnoc.azdigi.shop\/?product=millie-set\" \/>\n<meta property=\"og:locale\" content=\"vi_VN\" \/>\n<meta property=\"og:type\" content=\"article\" \/>\n<meta property=\"og:title\" content=\"Millie Set - Quanao\" \/>\n<meta property=\"og:description\" content=\"Millie Set mang phong c\u00e1ch n\u1eef t\u00ednh v\u00e0 hi\u1ec7n \u0111\u1ea1i v\u1edbi thi\u1ebft k\u1ebf \u0111\u1ed3ng b\u1ed9 thanh l\u1ecbch, d\u1ec5 di\u1ec7n cho nhi\u1ec1u d\u1ecbp t\u1eeb \u0111i ch\u01a1i \u0111\u1ebfn g\u1eb7p g\u1ee1 b\u1ea1n b\u00e8.\" \/>\n<meta property=\"og:url\" content=\"https:\/\/anhnoc.azdigi.shop\/?product=millie-set\" \/>\n<meta property=\"og:site_name\" content=\"Quanao\" \/>\n<meta property=\"article:modified_time\" content=\"2026-04-19T08:52:40+00:00\" \/>\n<meta property=\"og:image\" content=\"https:\/\/anhnoc.azdigi.shop\/wp-content\/uploads\/2026\/04\/26-12-olv1935-2_8f7936b6715a4d48af1abcc508ce3e05_master-683x1024.png\" \/>\n\t<meta property=\"og:image:width\" content=\"683\" \/>\n\t<meta property=\"og:image:height\" content=\"1024\" \/>\n\t<meta property=\"og:image:type\" content=\"image\/png\" \/>\n<meta name=\"twitter:card\" content=\"summary_large_image\" \/>\n<meta name=\"twitter:label1\" content=\"\u01af\u1edbc t\u00ednh th\u1eddi gian \u0111\u1ecdc\" \/>\n\t<meta name=\"twitter:data1\" content=\"2 ph\u00fat\" \/>\n<script type=\"application\/ld+json\" class=\"yoast-schema-graph\">{\"@context\":\"https:\/\/schema.org\",\"@graph\":[{\"@type\":\"WebPage\",\"@id\":\"https:\/\/anhnoc.azdigi.shop\/?product=millie-set\",\"url\":\"https:\/\/anhnoc.azdigi.shop\/?product=millie-set\",\"name\":\"Millie Set - Quanao\",\"isPartOf\":{\"@id\":\"https:\/\/anhnoc.azdigi.shop\/#website\"},\"primaryImageOfPage\":{\"@id\":\"https:\/\/anhnoc.azdigi.shop\/?product=millie-set#primaryimage\"},\"image\":{\"@id\":\"https:\/\/anhnoc.azdigi.shop\/?product=millie-set#primaryimage\"},\"thumbnailUrl\":\"https:\/\/anhnoc.azdigi.shop\/wp-content\/uploads\/2026\/04\/26-12-olv1935-2_8f7936b6715a4d48af1abcc508ce3e05_master.png\",\"datePublished\":\"2026-04-17T19:21:38+00:00\",\"dateModified\":\"2026-04-19T08:52:40+00:00\",\"description\":\"Millie Set mang phong c\u00e1ch n\u1eef t\u00ednh v\u00e0 hi\u1ec7n \u0111\u1ea1i v\u1edbi thi\u1ebft k\u1ebf \u0111\u1ed3ng b\u1ed9 thanh l\u1ecbch, d\u1ec5 di\u1ec7n cho nhi\u1ec1u d\u1ecbp t\u1eeb \u0111i ch\u01a1i \u0111\u1ebfn g\u1eb7p g\u1ee1 b\u1ea1n b\u00e8.\",\"breadcrumb\":{\"@id\":\"https:\/\/anhnoc.azdigi.shop\/?product=millie-set#breadcrumb\"},\"inLanguage\":\"vi\",\"potentialAction\":[{\"@type\":\"ReadAction\",\"target\":[\"https:\/\/anhnoc.azdigi.shop\/?product=millie-set\"]}]},{\"@type\":\"ImageObject\",\"inLanguage\":\"vi\",\"@id\":\"https:\/\/anhnoc.azdigi.shop\/?product=millie-set#primaryimage\",\"url\":\"https:\/\/anhnoc.azdigi.shop\/wp-content\/uploads\/2026\/04\/26-12-olv1935-2_8f7936b6715a4d48af1abcc508ce3e05_master.png\",\"contentUrl\":\"https:\/\/anhnoc.azdigi.shop\/wp-content\/uploads\/2026\/04\/26-12-olv1935-2_8f7936b6715a4d48af1abcc508ce3e05_master.png\",\"width\":1365,\"height\":2048},{\"@type\":\"BreadcrumbList\",\"@id\":\"https:\/\/anhnoc.azdigi.shop\/?product=millie-set#breadcrumb\",\"itemListElement\":[{\"@type\":\"ListItem\",\"position\":1,\"name\":\"Trang ch\u1ee7\",\"item\":\"https:\/\/anhnoc.azdigi.shop\/\"},{\"@type\":\"ListItem\",\"position\":2,\"name\":\"C\u1eeda h\u00e0ng\",\"item\":\"https:\/\/anhnoc.azdigi.shop\/?page_id=128\"},{\"@type\":\"ListItem\",\"position\":3,\"name\":\"Millie Set\"}]},{\"@type\":\"WebSite\",\"@id\":\"https:\/\/anhnoc.azdigi.shop\/#website\",\"url\":\"https:\/\/anhnoc.azdigi.shop\/\",\"name\":\"Quanao\",\"description\":\"\",\"potentialAction\":[{\"@type\":\"SearchAction\",\"target\":{\"@type\":\"EntryPoint\",\"urlTemplate\":\"https:\/\/anhnoc.azdigi.shop\/?s={search_term_string}\"},\"query-input\":{\"@type\":\"PropertyValueSpecification\",\"valueRequired\":true,\"valueName\":\"search_term_string\"}}],\"inLanguage\":\"vi\"}]}<\/script>\n<!-- \/ Yoast SEO plugin. -->","yoast_head_json":{"title":"Millie Set - Quanao","description":"Millie Set mang phong c\u00e1ch n\u1eef t\u00ednh v\u00e0 hi\u1ec7n \u0111\u1ea1i v\u1edbi thi\u1ebft k\u1ebf \u0111\u1ed3ng b\u1ed9 thanh l\u1ecbch, d\u1ec5 di\u1ec7n cho nhi\u1ec1u d\u1ecbp t\u1eeb \u0111i ch\u01a1i \u0111\u1ebfn g\u1eb7p g\u1ee1 b\u1ea1n b\u00e8.","robots":{"index":"index","follow":"follow","max-snippet":"max-snippet:-1","max-image-preview":"max-image-preview:large","max-video-preview":"max-video-preview:-1"},"canonical":"https:\/\/anhnoc.azdigi.shop\/?product=millie-set","og_locale":"vi_VN","og_type":"article","og_title":"Millie Set - Quanao","og_description":"Millie Set mang phong c\u00e1ch n\u1eef t\u00ednh v\u00e0 hi\u1ec7n \u0111\u1ea1i v\u1edbi thi\u1ebft k\u1ebf \u0111\u1ed3ng b\u1ed9 thanh l\u1ecbch, d\u1ec5 di\u1ec7n cho nhi\u1ec1u d\u1ecbp t\u1eeb \u0111i ch\u01a1i \u0111\u1ebfn g\u1eb7p g\u1ee1 b\u1ea1n b\u00e8.","og_url":"https:\/\/anhnoc.azdigi.shop\/?product=millie-set","og_site_name":"Quanao","article_modified_time":"2026-04-19T08:52:40+00:00","og_image":[{"width":683,"height":1024,"url":"https:\/\/anhnoc.azdigi.shop\/wp-content\/uploads\/2026\/04\/26-12-olv1935-2_8f7936b6715a4d48af1abcc508ce3e05_master-683x1024.png","type":"image\/png"}],"twitter_card":"summary_large_image","twitter_misc":{"\u01af\u1edbc t\u00ednh th\u1eddi gian \u0111\u1ecdc":"2 ph\u00fat"},"schema":{"@context":"https:\/\/schema.org","@graph":[{"@type":"WebPage","@id":"https:\/\/anhnoc.azdigi.shop\/?product=millie-set","url":"https:\/\/anhnoc.azdigi.shop\/?product=millie-set","name":"Millie Set - Quanao","isPartOf":{"@id":"https:\/\/anhnoc.azdigi.shop\/#website"},"primaryImageOfPage":{"@id":"https:\/\/anhnoc.azdigi.shop\/?product=millie-set#primaryimage"},"image":{"@id":"https:\/\/anhnoc.azdigi.shop\/?product=millie-set#primaryimage"},"thumbnailUrl":"https:\/\/anhnoc.azdigi.shop\/wp-content\/uploads\/2026\/04\/26-12-olv1935-2_8f7936b6715a4d48af1abcc508ce3e05_master.png","datePublished":"2026-04-17T19:21:38+00:00","dateModified":"2026-04-19T08:52:40+00:00","description":"Millie Set mang phong c\u00e1ch n\u1eef t\u00ednh v\u00e0 hi\u1ec7n \u0111\u1ea1i v\u1edbi thi\u1ebft k\u1ebf \u0111\u1ed3ng b\u1ed9 thanh l\u1ecbch, d\u1ec5 di\u1ec7n cho nhi\u1ec1u d\u1ecbp t\u1eeb \u0111i ch\u01a1i \u0111\u1ebfn g\u1eb7p g\u1ee1 b\u1ea1n b\u00e8.","breadcrumb":{"@id":"https:\/\/anhnoc.azdigi.shop\/?product=millie-set#breadcrumb"},"inLanguage":"vi","potentialAction":[{"@type":"ReadAction","target":["https:\/\/anhnoc.azdigi.shop\/?product=millie-set"]}]},{"@type":"ImageObject","inLanguage":"vi","@id":"https:\/\/anhnoc.azdigi.shop\/?product=millie-set#primaryimage","url":"https:\/\/anhnoc.azdigi.shop\/wp-content\/uploads\/2026\/04\/26-12-olv1935-2_8f7936b6715a4d48af1abcc508ce3e05_master.png","contentUrl":"https:\/\/anhnoc.azdigi.shop\/wp-content\/uploads\/2026\/04\/26-12-olv1935-2_8f7936b6715a4d48af1abcc508ce3e05_master.png","width":1365,"height":2048},{"@type":"BreadcrumbList","@id":"https:\/\/anhnoc.azdigi.shop\/?product=millie-set#breadcrumb","itemListElement":[{"@type":"ListItem","position":1,"name":"Trang ch\u1ee7","item":"https:\/\/anhnoc.azdigi.shop\/"},{"@type":"ListItem","position":2,"name":"C\u1eeda h\u00e0ng","item":"https:\/\/anhnoc.azdigi.shop\/?page_id=128"},{"@type":"ListItem","position":3,"name":"Millie Set"}]},{"@type":"WebSite","@id":"https:\/\/anhnoc.azdigi.shop\/#website","url":"https:\/\/anhnoc.azdigi.shop\/","name":"Quanao","description":"","potentialAction":[{"@type":"SearchAction","target":{"@type":"EntryPoint","urlTemplate":"https:\/\/anhnoc.azdigi.shop\/?s={search_term_string}"},"query-input":{"@type":"PropertyValueSpecification","valueRequired":true,"valueName":"search_term_string"}}],"inLanguage":"vi"}]}},"_links":{"self":[{"href":"https:\/\/anhnoc.azdigi.shop\/index.php?rest_route=\/wp\/v2\/product\/282","targetHints":{"allow":["GET"]}}],"collection":[{"href":"https:\/\/anhnoc.azdigi.shop\/index.php?rest_route=\/wp\/v2\/product"}],"about":[{"href":"https:\/\/anhnoc.azdigi.shop\/index.php?rest_route=\/wp\/v2\/types\/product"}],"replies":[{"embeddable":true,"href":"https:\/\/anhnoc.azdigi.shop\/index.php?rest_route=%2Fwp%2Fv2%2Fcomments&post=282"}],"wp:featuredmedia":[{"embeddable":true,"href":"https:\/\/anhnoc.azdigi.shop\/index.php?rest_route=\/wp\/v2\/media\/284"}],"wp:attachment":[{"href":"https:\/\/anhnoc.azdigi.shop\/index.php?rest_route=%2Fwp%2Fv2%2Fmedia&parent=282"}],"wp:term":[{"taxonomy":"product_brand","embeddable":true,"href":"https:\/\/anhnoc.azdigi.shop\/index.php?rest_route=%2Fwp%2Fv2%2Fproduct_brand&post=282"},{"taxonomy":"product_cat","embeddable":true,"href":"https:\/\/anhnoc.azdigi.shop\/index.php?rest_route=%2Fwp%2Fv2%2Fproduct_cat&post=282"},{"taxonomy":"product_tag","embeddable":true,"href":"https:\/\/anhnoc.azdigi.shop\/index.php?rest_route=%2Fwp%2Fv2%2Fproduct_tag&post=282"}],"curies":[{"name":"wp","href":"https:\/\/api.w.org\/{rel}","templated":true}]}}